9 a prime number?
True
Is 142361201 prime?
True
Is 12919771 composite?
True
Is 54726347 a prime number?
False
Is 10338319 a prime number?
False
Is 125273779 a prime number?
True
Is 417071423 prime?
True
Is 172256537 composite?
False
Is 162348443 prime?
False
Is 69973583 prime?
True
Is 244954 a composite number?
True
Is 28506497 a composite number?
False
Is 2890687 prime?
True
Is 4391813 prime?
True
Is 39076457 prime?
False
Is 1621439 a composite number?
False
Is 27313309 a prime number?
True
Is 1258045 prime?
False
Is 51426017 a prime number?
True
Is 227245839 a composite number?
True
Is 4967737 prime?
True
Is 1943609 a composite number?
True
Is 245451161 a prime number?
True
Is 25389563 a composite number?
False
Is 2639261 a prime number?
False
Is 2444621 a composite number?
False
Is 11479271 a composite number?
True
Is 706253 a prime number?
True
Is 11819659 composite?
False
Is 295349359 a prime number?
False
Is 741691877 a prime number?
True
Is 1303199 a prime number?
True
Is 522311 a prime number?
False
Is 19713703 prime?
True
Is 9864119 prime?
True
Is 1969967 a composite number?
False
Is 61049621 prime?
False
Is 711840095 a composite number?
True
Is 24224903 a composite number?
True
Is 1003133 composite?
False
Is 882571 composite?
False
Is 51695093 a prime number?
True
Is 5101505 prime?
False
Is 25475111 composite?
False
Is 17926781 a composite number?
False
Is 11026123 a prime number?
False
Is 2766718 composite?
True
Is 38730865 a composite number?
True
Is 9372217 a composite number?
True
Is 3707486 a prime number?
False
Is 141341347 composite?
True
Is 2130943 a prime number?
False
Is 4651249 composite?
False
Is 1609151 a composite number?
True
Is 2112683 prime?
True
Is 4079666 composite?
True
Is 191301601 composite?
False
Is 9324871 prime?
True
Is 2959874 a prime number?
False
Is 156437003 composite?
True
Is 106759 prime?
True
Is 23980741 a composite number?
True
Is 262243483 a prime number?
False
Is 299683379 a composite number?
False
Is 246540823 composite?
False
Is 55298669 prime?
False
Is 7495271 composite?
True
Is 99429441 composite?
True
Is 261773 prime?
True
Is 6605161 a composite number?
True
Is 1250273 a prime number?
True
Is 24670279 a prime number?
True
Is 9818591 a prime number?
True
Is 5928243 a prime number?
False
Is 518065439 composite?
True
Is 4148519 prime?
False
Is 28776922 a composite number?
True
Is 11832451 prime?
False
Is 7688194 a composite number?
True
Is 271486027 a composite number?
False
Is 83942393 composite?
True
Is 2823559 a prime number?
True
Is 26923081 prime?
False
Is 27792431 a composite number?
True
Is 7845293 a composite number?
False
Is 187483 a prime number?
False
Is 767339 prime?
True
Is 439003 composite?
True
Is 689737 prime?
False
Is 1390613 a composite number?
True
Is 1038985 a composite number?
True
Is 33591161 composite?
False
Is 115581526 a composite number?
True
Is 16826417 composite?
False
Is 50704853 a composite number?
True
Is 365723 a prime number?
False
Is 5230039 composite?
True
Is 331904021 prime?
True
Is 5861513 a composite number?
True
Is 1216009 prime?
True
Is 2621683 composite?
True
Is 994691 a composite number?
False
Is 52952253 a prime number?
False
Is 5801699 prime?
True
Is 3381395 a composite number?
True
Is 14721346 a prime number?
False
Is 164852887 a prime number?
False
Is 181873751 a composite number?
False
Is 44094547 a composite number?
True
Is 4390921 composite?
False
Is 155671637 a prime number?
False
Is 170016227 composite?
False
Is 15243941 prime?
False
Is 35368219 composite?
True
Is 20681797 prime?
False
Is 153142271 a composite number?
False
Is 132239 composite?
True
Is 4875131 a composite number?
True
Is 28300213 composite?
False
Is 35139199 a prime number?
True
Is 4791243 a composite number?
True
Is 21092129 prime?
False
Is 185823646 composite?
True
Is 18695195 a prime number?
False
Is 204379985 composite?
True
Is 227931061 prime?
True
Is 9100961 a prime number?
True
Is 599792341 a composite number?
True
Is 2045773 prime?
True
Is 163548787 a prime number?
False
Is 26446169 a prime number?
False
Is 34464943 a prime number?
False
Is 315150389 prime?
True
Is 404945 prime?
False
Is 4044617 prime?
True
Is 113490719 a prime number?
False
Is 16736269 prime?
False
Is 5978057 prime?
False
Is 17421707 prime?
True
Is 178733501 composite?
False
Is 46899049 prime?
False
Is 1972997 a prime number?
False
Is 2897137 composite?
True
Is 16255747 a prime number?
False
Is 98731471 composite?
False
Is 17193089 composite?
True
Is 2116649 prime?
False
Is 481360001 a composite number?
False
Is 216795142 a prime number?
False
Is 38461561 a composite number?
False
Is 10781611 composite?
False
Is 290638531 composite?
False
Is 3298857 a prime number?
False
Is 44012921 a prime number?
False
Is 149814437 prime?
True
Is 4033283 composite?
False
Is 43879903 a prime number?
False
Is 518455727 prime?
True
Is 6466349 a prime number?
True
Is 6471961 prime?
False
Is 2903273 a composite number?
False
Is 48874759 a prime number?
False
Is 45862901 a composite number?
True
Is 496327241 prime?
True
Is 8251207 a prime number?
True
Is 12975491 a composite number?
False
Is 33103429 prime?
False
Is 27783677 prime?
True
Is 32167391 a composite number?
False
Is 56308961 a prime number?
False
Is 55692319 a prime number?
False
Is 9449761 a composite number?
True
Is 93298609 composite?
True
Is 33895039 prime?
False
Is 6136547 a composite number?
False
Is 27066003 prime?
False
Is 6131717 prime?
False
Is 24310271 prime?
False
Is 465043 a composite number?
True
Is 1150397 prime?
True
Is 2430895 a composite number?
True
Is 41038411 a prime number?
True
Is 20189227 a prime number?
True
Is 6098641 a prime number?
False
Is 15924787 a composite number?
False
Is 5791211 a prime number?
True
Is 14964151 prime?
False
Is 174141769 prime?
True
Is 25954613 a prime number?
True
Is 762277 prime?
True
Is 221977157 prime?
False
Is 20315857 prime?
False
Is 348328171 composite?
True
Is 404671 a composite number?
False
Is 1136543 a composite number?
True
Is 1262795 prime?
False
Is 83649 prime?
False
Is 53540507 prime?
True
Is 8623193 a composite number?
False
Is 3550933 prime?
False
Is 38707 a composite number?
False
Is 6429671 prime?
True
Is 894629 a prime number?
False
Is 6388189 prime?
True
Is 6755869 composite?
True
Is 21223187 a prime number?
True
Is 40025617 composite?
True
Is 731723437 prime?
False
Is 46076721 a prime number?
False
Is 5674105 composite?
True
Is 5500507 composite?
False
Is 121721 composite?
False
Is 2548697 a composite number?
False
Is 4113319 a prime number?
False
Is 3204557 a composite number?
False
Is 86510051 prime?
True
Is 625070027 a prime number?
True
Is 56967221 composite?
True
Is 750809 composite?
False
Is 16201849 a composite number?
True
Is 80882459 a composite number?
True
Is 371145653 a prime number?
False
Is 61644487 prime?
True
Is 10268047 composite?
False
Is 4209529 composite?
True
Is 37401869 prime?
True
Is 11555147 prime?
False
Is 25100953 a prime number?
True
Is 271151 a prime number?
False
Is 17759071 prime?
False
Is 4480657 a prime number?
False
Is 1278101 a prime number?
False
Is 55237493 composite?
False
Is 317047 composite?
False
Is 54005729 a composite number?
False
Is 72925847 a prime number?
False
Is 95780401 a prime number?
True
Is 3293123 a composite number?
False
Is 14557493 a prime number?
True
Is 2756339 prime?
True
Is 630794261 a composite number?
True
Is 23881213 a prime number?
True
Is 2401037 a prime number?
True
Is 26819209 composite?
True
Is 76613683 composite?
True
Is 81502681 composite?
True
Is 448980721 a prime number?
False
Is 22988957 a prime number?
True
Is 223125907 composite?
True
Is 15199169 a prime number?
True
Is 44553202 a composite number?
True
Is 39246517 a prime number?
True
Is 341423 a composite number?
False
Is 4334909 a prime number?
False
Is 2616487 prime?
False
Is 9890813 a composite number?
False
Is 26962553 a prime number?
False
Is 9877667 a prime number?
True
Is 8533271 composite?
True
Is 4657243 composite?
True
Is 20342981 a prime number?
True
Is 76824197 prime?
True
Is 119983369 a prime number?
False
Is 7561063 a prime number?
True
Is 240295046 composite?
True
Is 82963799 a prime number?
True
Is 54738634 a prime number?
False
Is 2235865 composi